{"id":18,"date":"2015-05-15T22:47:18","date_gmt":"2015-05-15T22:47:18","guid":{"rendered":"http:\/\/www.euroexit.org\/?page_id=18"},"modified":"2018-09-28T11:41:26","modified_gmt":"2018-09-28T09:41:26","slug":"ziel","status":"publish","type":"page","link":"https:\/\/www.euroexit.org\/index.php\/ziel\/","title":{"rendered":"Ziel"},"content":{"rendered":"<h1 style=\"text-align: justify;\">\u00dcber uns<\/h1>\n<h2 style=\"text-align: justify;\">Warum das &#8222;Personenkomitee EuroExit gegen Sozialabbau&#8220;<\/h2>\n<p style=\"text-align: justify;\">Die EU hat sich gerne als Friedensprojekt der europ\u00e4ischen V\u00f6lker dargestellt. Jedoch ist die heutige Union, beschleunigt zusammen gewachsen unter dem Euro als gemeinsamer W\u00e4hrung, f\u00fcr viele Staaten Europas zu einem engen Korsett erzwungenen Sozialabbaus gegen die eigene Bev\u00f6lkerung geworden.  Ein Ausscheren durch den demokratischen Wahlentscheid einer Mehrheit ist nicht vorgesehen wie Griechenland 2015 zeigt.<\/p>\n<p style=\"text-align: justify;\">Die Krise seit 2008 zeigt es in aller Deutlichkeit. Die W\u00e4hrungsunion (WU) und das supranationale &#8222;Europa&#8220; stehen im Dienst der regionalen und globalen wirtschaftlichen Elite. Wurden in der Nachkriegszeit in den Nationalstaaten Demokratie und Sozialstaat auf- und ausgebaut, so baut das Euro-System diese Schritt f\u00fcr Schritt ab. Immer deutlicher entwickeln sich in der EU zwei Pole, die un\u00fcbersehbare Zeichen einer Desintegration zwischen Zentrum und Peripherie sind.<\/p>\n<p style=\"text-align: justify;\">Die Hoffnungen in die EU und die Illusionen \u00fcber den Euro waren gro\u00df. Bis heute sind sie auch bei jenen noch lebendig, die davon Schaden hatten (Anfang 2015 sprechen sich noch 61 % der Griechen f\u00fcr einen Verbleib in der Eurozone aus &#8211; Tendenz aber fallend). Man erwartete sich vom gemeinsamen Markt er w\u00fcrde Wohlstand f\u00fcr alle bringen und \u201ebl\u00fchende Landschaften\u201c auch dort schaffen, wo bisher s\u00fcdliche und \u00f6stliche Peripherie war. Das Sinken des Anteils der L\u00f6hne und Geh\u00e4lter am Sozialprodukt wurde durch einen allgemeinen Kreditboom \u00fcberspielt. Er gaukelte insbesondere der Peripherie Entwicklung vor. Wer erinnert sich nicht an die Goldgr\u00e4berstimmung der \u00f6sterreichischen Banken und Exporteure in Osteuropa?<\/p>\n<p style=\"text-align: justify;\">Doch die Kapitalschwemme f\u00fchrte nicht zu einer nachholenden Entwicklung der Produktivit\u00e4t. Die Schere zum deutschen Zentrum tat sich immer weiter auf. Nicht zuletzt da Deutschland durch Agenda 2010 und Hartz IV seine Konkurrenzf\u00e4higkeit auf Kosten der eigenen Lohnempf\u00e4nger und Unterschicht weiter ausbaute. Die Handelsbilanz\u00fcbersch\u00fcsse des so abgesicherten deutschen Exportwunders bezahlte die Peripherie mit steigendem Defizit und Verschuldung. Ein paar Brocken fielen f\u00fcr die Arbeitenden im Zentrum schon ab und schufen dort Wohlf\u00fchl-Stimmung, die man nun, angefeuert durch die Medien, eifers\u00fcchtige gegen den \u201efaulen S\u00fcden\u201c verteidigt.<\/p>\n<p style=\"text-align: justify;\">Als die Kreditblase platzte fl\u00fcchtete das Kapital ins Zentrum und wollte die Defizite nicht mehr ausgleichen. Europas S\u00fcden und Osten wurden an den Rand des Bankrotts gedr\u00e4ngt. Die ins Schwanken geratenen Banken wurde nach dem Prinzip \u201eGewinne privatisieren, Verluste und Risiken sozialisieren\u201c von den Staaten mit mehrstelligen Milliardenbetr\u00e4gen gerettet. Die Schulden liefen damit endg\u00fcltig au\u00dfer Ufer. F\u00fcr die breiten Bev\u00f6lkerungsmehrheiten hie\u00df es nun f\u00fcr die Fehlentwicklungen und Verluste ihrer Eliten aufzukommen. Die EU etablierte dazu ein bisher nicht dagewesenes Sozialabbauregime jenseits demokratischer Einflussnahme-M\u00f6glichkeiten durch die Einzelstaaten und Wahlb\u00fcrger (Fiskalpakt 2011).<\/p>\n<p style=\"text-align: justify;\">Dadurch sind die Wirtschaften der Peripherie noch weiter in ihrer Produktivit\u00e4t und Leistungsf\u00e4higkeit zur\u00fcckgefallen und wurden in eine nun schon mehrj\u00e4hrige Rezession gedr\u00e4ngt. In Ermangelung des Ausgleichsmechanismus der Abwertung durch den gemeinsamen Euro sind die Peripheriestaaten zur \u201einnerer Abwertung\u201c gezwungen: Der Lebensstandard der breiten Massen sinkt in extremer Weise. In Griechenland schrumpften das Sozialprodukt und die Reall\u00f6hne um ein Viertel. Der Hunger wurde im entwickelten Europa wieder zur sozialen Realit\u00e4t. Doch das ist keine Automatik. Es ist die Folge einer menschenverachtenden Gl\u00e4ubigerpolitik nach deutschem Design, die von einer nicht legitimierten Technokraten-Troika oktroyiert wird. Die neoliberale Rosskur soll den Staats-Bankrott verh\u00fcten. In Wirklichkeit dreht sich die rezessive Spirale jedoch weiter. Der Lebensstandard und die Kaufkraft der Menschen erholen sich nicht. Auf diesem Weg sind Staatsbankrotte \u00fcber kurz oder lang unvermeidlich. Das Zentrum kann und will keine Garantien geben.<\/p>\n<p style=\"text-align: justify;\">Die Krise hat das \u201egemeinsame Europa\u201c zu einem Gef\u00fcge unter offen deutscher Vorherrschaft gemacht. Die Desintegration zwischen Zentrum und Peripherie, die unvermeidliche Folge der EU-Politik, ruft neuerlich Nationalismus hervor und spaltet Europa. Wird das zu einem Kurswechsel der Eliten f\u00fchren? Die glatte Ablehnung der Forderung der neuen griechischen Regierung nach einer D\u00e4mpfung des Hunger-Programms beweist \u00fcberdeutlich: Ein \u201esoziales Europa\u201c, ein \u00fcbernationaler, anstelle des auf nationaler Ebene zerst\u00f6rten Sozialstaates steht nicht am Programm.<\/p>\n<p style=\"text-align: justify;\">Ein soziales Europa ist nur aus einer neubegr\u00fcndeten Kooperation der V\u00f6lker denkbar, die das Euro-Regime der heute in Europa herrschenden \u00f6konomischen und politischen Eliten \u00fcberwinden. Das gilt auch f\u00fcr die formale parlamentarische Demokratie, die mit dem Euro-Rettungs-Regime des Fiskalpaktes \u2013 dem institutionalisierten monetaristischen Sachzwang &#8211; nicht vereinbar ist. Ausgangspunkt f\u00fcr einen Neubeginn sind die Nationalstaaten. Nur dort gibt es derzeit eine reale M\u00f6glichkeit von Partizipation.<\/p>\n<p style=\"text-align: justify;\">Der Bruch, auf den die EU zusteuert, stellt sich an der Peripherie und im Zentrum unterschiedlich dar. Die Ausgangsbedingungen sind unterschiedlich, die gesellschaftlichen Spannungen und Kr\u00e4fteverh\u00e4ltnisse nicht \u00fcberall gleich. Einige grundlegende Alternativen gegen die vorherrschende Politik dr\u00e4ngen sich jedoch immer deutlicher auf, in Griechenland wohl sogar als Zukunftsfragen in den n\u00e4chsten Monaten:<\/p>\n<ul style=\"text-align: justify;\">\n<li>Annullierung der Staatsschuld<\/li>\n<li>Kapitalverkehrskontrollen<\/li>\n<li>Verstaatlichung der Banken<\/li>\n<li>Ausgabe einer neuen, nationalen W\u00e4hrung<\/li>\n<li>Ende des Sozialabbaus<\/li>\n<li>Staatliches Investitionsprogramm zur Vollbesch\u00e4ftigung<\/li>\n<li>Austritt aus EU, NATO, etc.<\/li>\n<li>Internationale Kooperation f\u00fcr eine multipolare Weltordnung<\/li>\n<\/ul>\n<p style=\"text-align: justify;\">\u00d6sterreich ist in  vieler Hinsicht ein enges Anh\u00e4ngsel Deutschlands, integraler Bestandteil des Zentrums-Blocks. Die starke Pr\u00e4senz von heimischen Banken in Osteuropa macht die Gefahr von Bankrotten jedoch wesentlich gr\u00f6\u00dfer. Auch hier dr\u00e4ngt sich ein Politikwechsel auf, im Sinne:<\/p>\n<ul style=\"text-align: justify;\">\n<li>Schluss mit der Austerit\u00e4t und der Stagnation der L\u00f6hne<\/li>\n<li>Schuldenerlass f\u00fcr die Peripherie<\/li>\n<li>Demokratische Kontrolle \u00fcber die Nationalbank<\/li>\n<li>Keine Bankenrettung auf Kosten der breiten Massen<\/li>\n<li>Staatliches Investitionsprogramm zur Vollbesch\u00e4ftigung<\/li>\n<li>Organisierte Aufl\u00f6sung der Euro-Zone<\/li>\n<li>Austritt aus der EU<\/li>\n<\/ul>\n<p style=\"text-align: justify;\">Das Personenkomitee \u201eEuroExit gegen Sozialabbau\u201c stellt sich zum Ziel in der \u00d6ffentlichkeit f\u00fcr eine soziale und demokratische Alternative zu Euro und EU zu arbeiten. Soll die Desintegration der EU nicht zu einer Vorherrschaft rechter Nationalisten f\u00fchren, so braucht es die Arbeit an einem neuen sozialen und politischen Block unter dem Motto: statt einer Union unter den finanzkapitalistischen Spielregeln der Euro-Eliten und eines egoistischen Zentrums-Nationalismus gegen die V\u00f6lker der europ\u00e4ischen Peripherie, neue Wege der Kooperation gleichberechtigter, demokratischer und sozialer Nationalstaaten.<\/p>\n<p style=\"text-align: right;\"><em>Wien, Fr\u00fchjahr 2015<\/em><\/p>\n","protected":false},"excerpt":{"rendered":"<p>\u00dcber uns Warum das &#8222;Personenkomitee EuroExit gegen Sozialabbau&#8220; Die EU hat sich gerne als Friedensprojekt der europ\u00e4ischen V\u00f6lker dargestellt. Jedoch &hellip; <a href=\"https:\/\/www.euroexit.org\/index.php\/ziel\/\" class=\"more-link\"><span class=\"screen-reader-text\">\u201eZiel\u201c <\/span>weiterlesen<\/a><\/p>\n","protected":false},"author":2,"featured_media":0,"parent":0,"menu_order":0,"comment_status":"closed","ping_status":"closed","template":"","meta":{"advgb_blocks_editor_width":"","advgb_blocks_columns_visual_guide":""},"coauthors":[],"author_meta":{"author_link":"https:\/\/www.euroexit.org\/index.php\/author\/wilhelm\/","display_name":"Wilhelm Langthaler"},"relative_dates":{"created":"Posted 11 Jahren ago","modified":"Updated 8 Jahren ago"},"absolute_dates":{"created":"Posted on 15. Mai 2015","modified":"Updated on 28. September 2018"},"absolute_dates_time":{"created":"Posted on 15. Mai 2015 22:47","modified":"Updated on 28. September 2018 11:41"},"featured_img_caption":"","featured_img":false,"series_order":"","_links":{"self":[{"href":"https:\/\/www.euroexit.org\/index.php\/wp-json\/wp\/v2\/pages\/18"}],"collection":[{"href":"https:\/\/www.euroexit.org\/index.php\/wp-json\/wp\/v2\/pages"}],"about":[{"href":"https:\/\/www.euroexit.org\/index.php\/wp-json\/wp\/v2\/types\/page"}],"author":[{"embeddable":true,"href":"https:\/\/www.euroexit.org\/index.php\/wp-json\/wp\/v2\/users\/2"}],"replies":[{"embeddable":true,"href":"https:\/\/www.euroexit.org\/index.php\/wp-json\/wp\/v2\/comments?post=18"}],"version-history":[{"count":0,"href":"https:\/\/www.euroexit.org\/index.php\/wp-json\/wp\/v2\/pages\/18\/revisions"}],"wp:attachment":[{"href":"https:\/\/www.euroexit.org\/index.php\/wp-json\/wp\/v2\/media?parent=18"}],"curies":[{"name":"wp","href":"https:\/\/api.w.org\/{rel}","templated":true}]}}

<h1 style="text-align: justify;">Über uns</h1>
<h2 style="text-align: justify;">Warum das &#8222;Personenkomitee EuroExit gegen Sozialabbau&#8220;</h2>
<p style="text-align: justify;">Die EU hat sich gerne als Friedensprojekt der europäischen Völker dargestellt. Jedoch ist die heutige Union, beschleunigt zusammen gewachsen unter dem Euro als gemeinsamer Währung, für viele Staaten Europas zu einem engen Korsett erzwungenen Sozialabbaus gegen die eigene Bevölkerung geworden.  Ein Ausscheren durch den demokratischen Wahlentscheid einer Mehrheit ist nicht vorgesehen wie Griechenland 2015 zeigt.</p>
<p style="text-align: justify;">Die Krise seit 2008 zeigt es in aller Deutlichkeit. Die Währungsunion (WU) und das supranationale &#8222;Europa&#8220; stehen im Dienst der regionalen und globalen wirtschaftlichen Elite. Wurden in der Nachkriegszeit in den Nationalstaaten Demokratie und Sozialstaat auf- und ausgebaut, so baut das Euro-System diese Schritt für Schritt ab. Immer deutlicher entwickeln sich in der EU zwei Pole, die unübersehbare Zeichen einer Desintegration zwischen Zentrum und Peripherie sind.</p>
<p style="text-align: justify;">Die Hoffnungen in die EU und die Illusionen über den Euro waren groß. Bis heute sind sie auch bei jenen noch lebendig, die davon Schaden hatten (Anfang 2015 sprechen sich noch 61 % der Griechen für einen Verbleib in der Eurozone aus &#8211; Tendenz aber fallend). Man erwartete sich vom gemeinsamen Markt er würde Wohlstand für alle bringen und „blühende Landschaften“ auch dort schaffen, wo bisher südliche und östliche Peripherie war. Das Sinken des Anteils der Löhne und Gehälter am Sozialprodukt wurde durch einen allgemeinen Kreditboom überspielt. Er gaukelte insbesondere der Peripherie Entwicklung vor. Wer erinnert sich nicht an die Goldgräberstimmung der österreichischen Banken und Exporteure in Osteuropa?</p>
<p style="text-align: justify;">Doch die Kapitalschwemme führte nicht zu einer nachholenden Entwicklung der Produktivität. Die Schere zum deutschen Zentrum tat sich immer weiter auf. Nicht zuletzt da Deutschland durch Agenda 2010 und Hartz IV seine Konkurrenzfähigkeit auf Kosten der eigenen Lohnempfänger und Unterschicht weiter ausbaute. Die Handelsbilanzüberschüsse des so abgesicherten deutschen Exportwunders bezahlte die Peripherie mit steigendem Defizit und Verschuldung. Ein paar Brocken fielen für die Arbeitenden im Zentrum schon ab und schufen dort Wohlfühl-Stimmung, die man nun, angefeuert durch die Medien, eifersüchtige gegen den „faulen Süden“ verteidigt.</p>
<p style="text-align: justify;">Als die Kreditblase platzte flüchtete das Kapital ins Zentrum und wollte die Defizite nicht mehr ausgleichen. Europas Süden und Osten wurden an den Rand des Bankrotts gedrängt. Die ins Schwanken geratenen Banken wurde nach dem Prinzip „Gewinne privatisieren, Verluste und Risiken sozialisieren“ von den Staaten mit mehrstelligen Milliardenbeträgen gerettet. Die Schulden liefen damit endgültig außer Ufer. Für die breiten Bevölkerungsmehrheiten hieß es nun für die Fehlentwicklungen und Verluste ihrer Eliten aufzukommen. Die EU etablierte dazu ein bisher nicht dagewesenes Sozialabbauregime jenseits demokratischer Einflussnahme-Möglichkeiten durch die Einzelstaaten und Wahlbürger (Fiskalpakt 2011).</p>
<p style="text-align: justify;">Dadurch sind die Wirtschaften der Peripherie noch weiter in ihrer Produktivität und Leistungsfähigkeit zurückgefallen und wurden in eine nun schon mehrjährige Rezession gedrängt. In Ermangelung des Ausgleichsmechanismus der Abwertung durch den gemeinsamen Euro sind die Peripheriestaaten zur „innerer Abwertung“ gezwungen: Der Lebensstandard der breiten Massen sinkt in extremer Weise. In Griechenland schrumpften das Sozialprodukt und die Reallöhne um ein Viertel. Der Hunger wurde im entwickelten Europa wieder zur sozialen Realität. Doch das ist keine Automatik. Es ist die Folge einer menschenverachtenden Gläubigerpolitik nach deutschem Design, die von einer nicht legitimierten Technokraten-Troika oktroyiert wird. Die neoliberale Rosskur soll den Staats-Bankrott verhüten. In Wirklichkeit dreht sich die rezessive Spirale jedoch weiter. Der Lebensstandard und die Kaufkraft der Menschen erholen sich nicht. Auf diesem Weg sind Staatsbankrotte über kurz oder lang unvermeidlich. Das Zentrum kann und will keine Garantien geben.</p>
<p style="text-align: justify;">Die Krise hat das „gemeinsame Europa“ zu einem Gefüge unter offen deutscher Vorherrschaft gemacht. Die Desintegration zwischen Zentrum und Peripherie, die unvermeidliche Folge der EU-Politik, ruft neuerlich Nationalismus hervor und spaltet Europa. Wird das zu einem Kurswechsel der Eliten führen? Die glatte Ablehnung der Forderung der neuen griechischen Regierung nach einer Dämpfung des Hunger-Programms beweist überdeutlich: Ein „soziales Europa“, ein übernationaler, anstelle des auf nationaler Ebene zerstörten Sozialstaates steht nicht am Programm.</p>
<p style="text-align: justify;">Ein soziales Europa ist nur aus einer neubegründeten Kooperation der Völker denkbar, die das Euro-Regime der heute in Europa herrschenden ökonomischen und politischen Eliten überwinden. Das gilt auch für die formale parlamentarische Demokratie, die mit dem Euro-Rettungs-Regime des Fiskalpaktes – dem institutionalisierten monetaristischen Sachzwang &#8211; nicht vereinbar ist. Ausgangspunkt für einen Neubeginn sind die Nationalstaaten. Nur dort gibt es derzeit eine reale Möglichkeit von Partizipation.</p>
<p style="text-align: justify;">Der Bruch, auf den die EU zusteuert, stellt sich an der Peripherie und im Zentrum unterschiedlich dar. Die Ausgangsbedingungen sind unterschiedlich, die gesellschaftlichen Spannungen und Kräfteverhältnisse nicht überall gleich. Einige grundlegende Alternativen gegen die vorherrschende Politik drängen sich jedoch immer deutlicher auf, in Griechenland wohl sogar als Zukunftsfragen in den nächsten Monaten:</p>
<ul style="text-align: justify;">
<li>Annullierung der Staatsschuld</li>
<li>Kapitalverkehrskontrollen</li>
<li>Verstaatlichung der Banken</li>
<li>Ausgabe einer neuen, nationalen Währung</li>
<li>Ende des Sozialabbaus</li>
<li>Staatliches Investitionsprogramm zur Vollbeschäftigung</li>
<li>Austritt aus EU, NATO, etc.</li>
<li>Internationale Kooperation für eine multipolare Weltordnung</li>
</ul>
<p style="text-align: justify;">Österreich ist in  vieler Hinsicht ein enges Anhängsel Deutschlands, integraler Bestandteil des Zentrums-Blocks. Die starke Präsenz von heimischen Banken in Osteuropa macht die Gefahr von Bankrotten jedoch wesentlich größer. Auch hier drängt sich ein Politikwechsel auf, im Sinne:</p>
<ul style="text-align: justify;">
<li>Schluss mit der Austerität und der Stagnation der Löhne</li>
<li>Schuldenerlass für die Peripherie</li>
<li>Demokratische Kontrolle über die Nationalbank</li>
<li>Keine Bankenrettung auf Kosten der breiten Massen</li>
<li>Staatliches Investitionsprogramm zur Vollbeschäftigung</li>
<li>Organisierte Auflösung der Euro-Zone</li>
<li>Austritt aus der EU</li>
</ul>
<p style="text-align: justify;">Das Personenkomitee „EuroExit gegen Sozialabbau“ stellt sich zum Ziel in der Öffentlichkeit für eine soziale und demokratische Alternative zu Euro und EU zu arbeiten. Soll die Desintegration der EU nicht zu einer Vorherrschaft rechter Nationalisten führen, so braucht es die Arbeit an einem neuen sozialen und politischen Block unter dem Motto: statt einer Union unter den finanzkapitalistischen Spielregeln der Euro-Eliten und eines egoistischen Zentrums-Nationalismus gegen die Völker der europäischen Peripherie, neue Wege der Kooperation gleichberechtigter, demokratischer und sozialer Nationalstaaten.</p>
<p style="text-align: right;"><em>Wien, Frühjahr 2015</em></p>

<p>Über uns Warum das &#8222;Personenkomitee EuroExit gegen Sozialabbau&#8220; Die EU hat sich gerne als Friedensprojekt der europäischen Völker dargestellt. Jedoch &hellip; <a href="https://www.euroexit.org/index.php/ziel/" class="more-link"><span class="screen-reader-text">„Ziel“ </span>weiterlesen</a></p>
