{"id":280,"date":"2015-06-13T08:29:27","date_gmt":"2015-06-13T08:29:27","guid":{"rendered":"http:\/\/www.euroexit.org\/?page_id=280"},"modified":"2015-06-13T09:11:19","modified_gmt":"2015-06-13T09:11:19","slug":"lazar-bilanovic","status":"publish","type":"page","link":"https:\/\/www.euroexit.org\/index.php\/wer-wir-sind-2\/lazar-bilanovic\/","title":{"rendered":"Lazar Bilanovic"},"content":{"rendered":"<p><a class=\"dt-single-image\" href=\"https:\/\/www.euroexit.org\/wp-content\/uploads\/2015\/06\/lazar.jpg\" data-dt-img-description=\"\"><img loading=\"lazy\" class=\"alignleft size-thumbnail wp-image-285\" src=\"https:\/\/www.euroexit.org\/wp-content\/uploads\/2015\/06\/lazar-150x150.jpg\" alt=\"lazar\" width=\"150\" height=\"150\" \/><\/a><\/p>\n<p>Lazar Bilanovic<br \/>\nVorsitzender Dachverband Jugoslawischer Vereine<\/p>\n<p>Der \u201eWiener Serbenzar\u201c kam in den sp\u00e4ten 60er Jahren aus Serbien nach Wien und arbeitete bis zu seiner Pensionierung als Kellner und Gastronom. Er organisierte und f\u00fchrte jahrezehntelang den Dachverband Jugoslawischer Vereine. Lazar Bilanovic leitete die 78-t\u00e4gige Mobilisierung 1999 gegen den Nato-Krieg und begr\u00fcndete die Jugoslawisch-\u00d6sterreichische Solidarit\u00e4tsbewegung (J\u00d6SB) mit.<\/p>\n","protected":false},"excerpt":{"rendered":"<p>Lazar Bilanovic Vorsitzender Dachverband Jugoslawischer Vereine Der \u201eWiener Serbenzar\u201c kam in den sp\u00e4ten 60er Jahren aus Serbien nach Wien und &hellip; <a href=\"https:\/\/www.euroexit.org\/index.php\/wer-wir-sind-2\/lazar-bilanovic\/\" class=\"more-link\"><span class=\"screen-reader-text\">\u201eLazar Bilanovic\u201c <\/span>weiterlesen<\/a><\/p>\n","protected":false},"author":2,"featured_media":0,"parent":169,"menu_order":0,"comment_status":"closed","ping_status":"closed","template":"template-team.php","meta":{"advgb_blocks_editor_width":"","advgb_blocks_columns_visual_guide":""},"coauthors":[],"author_meta":{"author_link":"https:\/\/www.euroexit.org\/index.php\/author\/wilhelm\/","display_name":"Wilhelm Langthaler"},"relative_dates":{"created":"Posted 11 Jahren ago","modified":"Updated 11 Jahren ago"},"absolute_dates":{"created":"Posted on 13. Juni 2015","modified":"Updated on 13. Juni 2015"},"absolute_dates_time":{"created":"Posted on 13. Juni 2015 8:29","modified":"Updated on 13. Juni 2015 9:11"},"featured_img_caption":"","featured_img":false,"series_order":"","_links":{"self":[{"href":"https:\/\/www.euroexit.org\/index.php\/wp-json\/wp\/v2\/pages\/280"}],"collection":[{"href":"https:\/\/www.euroexit.org\/index.php\/wp-json\/wp\/v2\/pages"}],"about":[{"href":"https:\/\/www.euroexit.org\/index.php\/wp-json\/wp\/v2\/types\/page"}],"author":[{"embeddable":true,"href":"https:\/\/www.euroexit.org\/index.php\/wp-json\/wp\/v2\/users\/2"}],"replies":[{"embeddable":true,"href":"https:\/\/www.euroexit.org\/index.php\/wp-json\/wp\/v2\/comments?post=280"}],"version-history":[{"count":0,"href":"https:\/\/www.euroexit.org\/index.php\/wp-json\/wp\/v2\/pages\/280\/revisions"}],"up":[{"embeddable":true,"href":"https:\/\/www.euroexit.org\/index.php\/wp-json\/wp\/v2\/pages\/169"}],"wp:attachment":[{"href":"https:\/\/www.euroexit.org\/index.php\/wp-json\/wp\/v2\/media?parent=280"}],"curies":[{"name":"wp","href":"https:\/\/api.w.org\/{rel}","templated":true}]}}

<p><a class="dt-single-image" href="https://www.euroexit.org/wp-content/uploads/2015/06/lazar.jpg" data-dt-img-description=""><img loading="lazy" class="alignleft size-thumbnail wp-image-285" src="https://www.euroexit.org/wp-content/uploads/2015/06/lazar-150x150.jpg" alt="lazar" width="150" height="150" /></a></p>
<p>Lazar Bilanovic<br />
Vorsitzender Dachverband Jugoslawischer Vereine</p>
<p>Der „Wiener Serbenzar“ kam in den späten 60er Jahren aus Serbien nach Wien und arbeitete bis zu seiner Pensionierung als Kellner und Gastronom. Er organisierte und führte jahrezehntelang den Dachverband Jugoslawischer Vereine. Lazar Bilanovic leitete die 78-tägige Mobilisierung 1999 gegen den Nato-Krieg und begründete die Jugoslawisch-Österreichische Solidaritätsbewegung (JÖSB) mit.</p>

<p>Lazar Bilanovic Vorsitzender Dachverband Jugoslawischer Vereine Der „Wiener Serbenzar“ kam in den späten 60er Jahren aus Serbien nach Wien und &hellip; <a href="https://www.euroexit.org/index.php/wer-wir-sind-2/lazar-bilanovic/" class="more-link"><span class="screen-reader-text">„Lazar Bilanovic“ </span>weiterlesen</a></p>
