{"id":476,"date":"2015-07-29T20:22:32","date_gmt":"2015-07-29T20:22:32","guid":{"rendered":"http:\/\/www.euroexit.org\/?page_id=476"},"modified":"2023-09-14T20:24:46","modified_gmt":"2023-09-14T18:24:46","slug":"unterstutzer","status":"publish","type":"page","link":"https:\/\/www.euroexit.org\/index.php\/wer-wir-sind-2\/unterstutzer\/","title":{"rendered":"Unterst\u00fctzer"},"content":{"rendered":"<p>Das Personenkomitee EuroExit ist eine in Entstehung befindliche Initiative. Das hier ver\u00f6ffentlichte <a href=\"https:\/\/www.euroexit.org\/index.php\/manifest-2\/\" target=\"_blank\" rel=\"noopener\">Manifest<\/a> versteht sich als eine Diskussionsgrundlage, die es weiter zu entwickeln gilt. Dementsprechend sind die im folgenden angef\u00fchrten Namen ebenfalls ein Startpunkt, eine erste Gruppe von in unterschiedlichem Ausma\u00df engagierten Personen, die sich das Ziel setzen, eine breitere \u00d6ffentlichkeit aus dem sozialen, politischen, kulturellen und akademischen Bereich f\u00fcr ein gemeinsames Projekt anzusprechen. Einige sind Unterst\u00fctzer, einige Aktivisten &#8211; aus ihnen haben wir vorl\u00e4ufig eine Gruppe von Sprechern, von Proponenten gebildet. F\u00fcr die kommenden Monate haben wir uns intensive Gespr\u00e4che mit Initiativen und Einzelpersonen in \u00d6sterreich vorgenommen, die bis zum Herbst dieses Jahres zu einer soliden Grundlage des Personenkomitees EuroExit beitragen und in eine breiten Gr\u00fcndungsversammlung m\u00fcnden soll.<\/p>\n<div id='gallery-1' class='gallery galleryid-476 gallery-columns-3 gallery-size-thumbnail'><figure class='gallery-item'>\n\t\t\t<div class='gallery-icon landscape'>\n\t\t\t\t<img width=\"150\" height=\"150\" src=\"https:\/\/www.euroexit.org\/wp-content\/uploads\/2016\/10\/Portrait_inge_hoeger_qu-150x150.jpg\" class=\"attachment-thumbnail size-thumbnail\" alt=\"Inge H\u00f6ger\" loading=\"lazy\" aria-describedby=\"gallery-1-937\" srcset=\"https:\/\/www.euroexit.org\/wp-content\/uploads\/2016\/10\/Portrait_inge_hoeger_qu-150x150.jpg 150w, https:\/\/www.euroexit.org\/wp-content\/uploads\/2016\/10\/Portrait_inge_hoeger_qu-300x300.jpg 300w, https:\/\/www.euroexit.org\/wp-content\/uploads\/2016\/10\/Portrait_inge_hoeger_qu-e1513207260764.jpg 1024w\" sizes=\"(max-width: 150px) 85vw, 150px\" \/>\n\t\t\t<\/div>\n\t\t\t\t<figcaption class='wp-caption-text gallery-caption' id='gallery-1-937'>\n\t\t\t\tInge H\u00f6ger &#8211; Abgeordnete zum deutschen Bundestag f\u00fcr die Partei \u201eDie Linke\u201c. Mitglied der \u201eAntikapitalistischen Linken\u201c (AKL) in der Partei \u201eDie Linke\u201c\n\t\t\t\t<\/figcaption><\/figure><figure class='gallery-item'>\n\t\t\t<div class='gallery-icon portrait'>\n\t\t\t\t<img width=\"150\" height=\"150\" src=\"https:\/\/www.euroexit.org\/wp-content\/uploads\/2016\/10\/fiona_kaiser-150x150.jpg\" class=\"attachment-thumbnail size-thumbnail\" alt=\"Fiona Kaiser\" loading=\"lazy\" aria-describedby=\"gallery-1-914\" \/>\n\t\t\t<\/div>\n\t\t\t\t<figcaption class='wp-caption-text gallery-caption' id='gallery-1-914'>\n\t\t\t\tFiona Kaiser &#8211; Sozialarbeiterin. Landesvorsitzende der Sozialistischen Jugend Ober\u00f6sterreich\n\t\t\t\t<\/figcaption><\/figure><figure class='gallery-item'>\n\t\t\t<div class='gallery-icon landscape'>\n\t\t\t\t<img width=\"150\" height=\"150\" src=\"https:\/\/www.euroexit.org\/wp-content\/uploads\/2015\/10\/1483400_10205490655288379_2221832723152069494_n.jpg\" class=\"attachment-thumbnail size-thumbnail\" alt=\"David Stockinger\" loading=\"lazy\" aria-describedby=\"gallery-1-556\" \/>\n\t\t\t<\/div>\n\t\t\t\t<figcaption class='wp-caption-text gallery-caption' id='gallery-1-556'>\n\t\t\t\tDavid Stockinger &#8211; Angestellter in der Telekombranche. Politisch aktiv in Sozialdemokratie und Neutralit\u00e4tsinitiativen.\n\t\t\t\t<\/figcaption><\/figure><figure class='gallery-item'>\n\t\t\t<div class='gallery-icon landscape'>\n\t\t\t\t<img width=\"150\" height=\"150\" src=\"https:\/\/www.euroexit.org\/wp-content\/uploads\/2015\/06\/Lazar1.jpg\" class=\"attachment-thumbnail size-thumbnail\" alt=\"Lazar Bilanovic\" loading=\"lazy\" aria-describedby=\"gallery-1-434\" \/>\n\t\t\t<\/div>\n\t\t\t\t<figcaption class='wp-caption-text gallery-caption' id='gallery-1-434'>\n\t\t\t\tLazar Bilanovic &#8211; ehem. Vorsitzender Dachverband Jugoslawischer Vereine. Kam in den sp\u00e4ten 60er Jahren aus Serbien nach Wien und arbeitete bis zu seiner Pensionierung als Kellner und Gastronom. Er organisierte und f\u00fchrte jahrezehntelang den Dachverband Jugoslawischer Vereine. Lazar Bilanovic leitete die 78-t\u00e4gige Mobilisierung 1999 gegen den Nato-Krieg und begr\u00fcndete die Jugoslawisch-\u00d6sterreichische Solidarit\u00e4tsbewegung (J\u00d6SB) mit.\n\t\t\t\t<\/figcaption><\/figure><figure class='gallery-item'>\n\t\t\t<div class='gallery-icon landscape'>\n\t\t\t\t<img width=\"150\" height=\"150\" src=\"https:\/\/www.euroexit.org\/wp-content\/uploads\/2015\/05\/irina-vana-150x150.jpg\" class=\"attachment-thumbnail size-thumbnail\" alt=\"Irina Vana\" loading=\"lazy\" aria-describedby=\"gallery-1-180\" srcset=\"https:\/\/www.euroexit.org\/wp-content\/uploads\/2015\/05\/irina-vana-150x150.jpg 150w, https:\/\/www.euroexit.org\/wp-content\/uploads\/2015\/05\/irina-vana.jpg 200w\" sizes=\"(max-width: 150px) 85vw, 150px\" \/>\n\t\t\t<\/div>\n\t\t\t\t<figcaption class='wp-caption-text gallery-caption' id='gallery-1-180'>\n\t\t\t\tIrina Vana &#8211; Sozialwissenschafterin, Wien. \u201eWir brauchen eine Gesellschaft in der soziale Errungenschaften nicht durch supranationale Gebilde demontiert werden, Menschen und nicht Banken gest\u00fctzt werden und Alle die M\u00f6glichkeit zu einem selbstbestimmten Leben haben.\u201c\n\t\t\t\t<\/figcaption><\/figure><figure class='gallery-item'>\n\t\t\t<div class='gallery-icon landscape'>\n\t\t\t\t<img width=\"150\" height=\"150\" src=\"https:\/\/www.euroexit.org\/wp-content\/uploads\/2015\/05\/imad-garbaya-150x150.jpg\" class=\"attachment-thumbnail size-thumbnail\" alt=\"Imad Garbaya\" loading=\"lazy\" aria-describedby=\"gallery-1-179\" srcset=\"https:\/\/www.euroexit.org\/wp-content\/uploads\/2015\/05\/imad-garbaya-150x150.jpg 150w, https:\/\/www.euroexit.org\/wp-content\/uploads\/2015\/05\/imad-garbaya.jpg 200w\" sizes=\"(max-width: 150px) 85vw, 150px\" \/>\n\t\t\t<\/div>\n\t\t\t\t<figcaption class='wp-caption-text gallery-caption' id='gallery-1-179'>\n\t\t\t\tImad Garbaya &#8211; Linker Aktivist aus Tunesien lebt in Wiener Neustadt, ist im Handel mit elektronischen Ger\u00e4ten t\u00e4tig und in antiimperialistischen Initiativen engagiert.\n\t\t\t\t<\/figcaption><\/figure><figure class='gallery-item'>\n\t\t\t<div class='gallery-icon landscape'>\n\t\t\t\t<img width=\"150\" height=\"150\" src=\"https:\/\/www.euroexit.org\/wp-content\/uploads\/2015\/05\/alfred-almeder1-150x150.jpg\" class=\"attachment-thumbnail size-thumbnail\" alt=\"Alfred Almeder\" loading=\"lazy\" aria-describedby=\"gallery-1-183\" srcset=\"https:\/\/www.euroexit.org\/wp-content\/uploads\/2015\/05\/alfred-almeder1-150x150.jpg 150w, https:\/\/www.euroexit.org\/wp-content\/uploads\/2015\/05\/alfred-almeder1.jpg 200w\" sizes=\"(max-width: 150px) 85vw, 150px\" \/>\n\t\t\t<\/div>\n\t\t\t\t<figcaption class='wp-caption-text gallery-caption' id='gallery-1-183'>\n\t\t\t\tAlfred Almeder &#8211; \u00d6ffentlich Bediensteter und sozialdemokratischer Gewerkschafter. Politisch und famili\u00e4r eng mit Lateinamerika verbunden. Engagiert sich heute gegen die westliche Einmischung in der Ukraine und einen friedlichen Ausgleich mit Russland.\n\t\t\t\t<\/figcaption><\/figure>\n\t\t<\/div>\n\n","protected":false},"excerpt":{"rendered":"<p>Das Personenkomitee EuroExit ist eine in Entstehung befindliche Initiative. Das hier ver\u00f6ffentlichte Manifest versteht sich als eine Diskussionsgrundlage, die es &hellip; <a href=\"https:\/\/www.euroexit.org\/index.php\/wer-wir-sind-2\/unterstutzer\/\" class=\"more-link\"><span class=\"screen-reader-text\">\u201eUnterst\u00fctzer\u201c <\/span>weiterlesen<\/a><\/p>\n","protected":false},"author":2,"featured_media":0,"parent":169,"menu_order":0,"comment_status":"closed","ping_status":"closed","template":"","meta":{"advgb_blocks_editor_width":"","advgb_blocks_columns_visual_guide":""},"coauthors":[],"author_meta":{"author_link":"https:\/\/www.euroexit.org\/index.php\/author\/wilhelm\/","display_name":"Wilhelm Langthaler"},"relative_dates":{"created":"Posted 11 Jahren ago","modified":"Updated 3 Jahren ago"},"absolute_dates":{"created":"Posted on 29. Juli 2015","modified":"Updated on 14. September 2023"},"absolute_dates_time":{"created":"Posted on 29. Juli 2015 20:22","modified":"Updated on 14. September 2023 20:24"},"featured_img_caption":"","featured_img":false,"series_order":"","_links":{"self":[{"href":"https:\/\/www.euroexit.org\/index.php\/wp-json\/wp\/v2\/pages\/476"}],"collection":[{"href":"https:\/\/www.euroexit.org\/index.php\/wp-json\/wp\/v2\/pages"}],"about":[{"href":"https:\/\/www.euroexit.org\/index.php\/wp-json\/wp\/v2\/types\/page"}],"author":[{"embeddable":true,"href":"https:\/\/www.euroexit.org\/index.php\/wp-json\/wp\/v2\/users\/2"}],"replies":[{"embeddable":true,"href":"https:\/\/www.euroexit.org\/index.php\/wp-json\/wp\/v2\/comments?post=476"}],"version-history":[{"count":1,"href":"https:\/\/www.euroexit.org\/index.php\/wp-json\/wp\/v2\/pages\/476\/revisions"}],"predecessor-version":[{"id":2546,"href":"https:\/\/www.euroexit.org\/index.php\/wp-json\/wp\/v2\/pages\/476\/revisions\/2546"}],"up":[{"embeddable":true,"href":"https:\/\/www.euroexit.org\/index.php\/wp-json\/wp\/v2\/pages\/169"}],"wp:attachment":[{"href":"https:\/\/www.euroexit.org\/index.php\/wp-json\/wp\/v2\/media?parent=476"}],"curies":[{"name":"wp","href":"https:\/\/api.w.org\/{rel}","templated":true}]}}

Unterstützer

<p>Das Personenkomitee EuroExit ist eine in Entstehung befindliche Initiative. Das hier veröffentlichte <a href="https://www.euroexit.org/index.php/manifest-2/" target="_blank" rel="noopener">Manifest</a> versteht sich als eine Diskussionsgrundlage, die es weiter zu entwickeln gilt. Dementsprechend sind die im folgenden angeführten Namen ebenfalls ein Startpunkt, eine erste Gruppe von in unterschiedlichem Ausmaß engagierten Personen, die sich das Ziel setzen, eine breitere Öffentlichkeit aus dem sozialen, politischen, kulturellen und akademischen Bereich für ein gemeinsames Projekt anzusprechen. Einige sind Unterstützer, einige Aktivisten &#8211; aus ihnen haben wir vorläufig eine Gruppe von Sprechern, von Proponenten gebildet. Für die kommenden Monate haben wir uns intensive Gespräche mit Initiativen und Einzelpersonen in Österreich vorgenommen, die bis zum Herbst dieses Jahres zu einer soliden Grundlage des Personenkomitees EuroExit beitragen und in eine breiten Gründungsversammlung münden soll.</p>
<div id='gallery-1' class='gallery galleryid-476 gallery-columns-3 gallery-size-thumbnail'><figure class='gallery-item'>
			<div class='gallery-icon landscape'>
				<img width="150" height="150" src="https://www.euroexit.org/wp-content/uploads/2016/10/Portrait_inge_hoeger_qu-150x150.jpg" class="attachment-thumbnail size-thumbnail" alt="Inge Höger" loading="lazy" aria-describedby="gallery-1-937" srcset="https://www.euroexit.org/wp-content/uploads/2016/10/Portrait_inge_hoeger_qu-150x150.jpg 150w, https://www.euroexit.org/wp-content/uploads/2016/10/Portrait_inge_hoeger_qu-300x300.jpg 300w, https://www.euroexit.org/wp-content/uploads/2016/10/Portrait_inge_hoeger_qu-e1513207260764.jpg 1024w" sizes="(max-width: 150px) 85vw, 150px" />
			</div>
				<figcaption class='wp-caption-text gallery-caption' id='gallery-1-937'>
				Inge Höger &#8211; Abgeordnete zum deutschen Bundestag für die Partei „Die Linke“. Mitglied der „Antikapitalistischen Linken“ (AKL) in der Partei „Die Linke“
				</figcaption></figure><figure class='gallery-item'>
			<div class='gallery-icon portrait'>
				<img width="150" height="150" src="https://www.euroexit.org/wp-content/uploads/2016/10/fiona_kaiser-150x150.jpg" class="attachment-thumbnail size-thumbnail" alt="Fiona Kaiser" loading="lazy" aria-describedby="gallery-1-914" />
			</div>
				<figcaption class='wp-caption-text gallery-caption' id='gallery-1-914'>
				Fiona Kaiser &#8211; Sozialarbeiterin. Landesvorsitzende der Sozialistischen Jugend Oberösterreich
				</figcaption></figure><figure class='gallery-item'>
			<div class='gallery-icon landscape'>
				<img width="150" height="150" src="https://www.euroexit.org/wp-content/uploads/2015/10/1483400_10205490655288379_2221832723152069494_n.jpg" class="attachment-thumbnail size-thumbnail" alt="David Stockinger" loading="lazy" aria-describedby="gallery-1-556" />
			</div>
				<figcaption class='wp-caption-text gallery-caption' id='gallery-1-556'>
				David Stockinger &#8211; Angestellter in der Telekombranche. Politisch aktiv in Sozialdemokratie und Neutralitätsinitiativen.
				</figcaption></figure><figure class='gallery-item'>
			<div class='gallery-icon landscape'>
				<img width="150" height="150" src="https://www.euroexit.org/wp-content/uploads/2015/06/Lazar1.jpg" class="attachment-thumbnail size-thumbnail" alt="Lazar Bilanovic" loading="lazy" aria-describedby="gallery-1-434" />
			</div>
				<figcaption class='wp-caption-text gallery-caption' id='gallery-1-434'>
				Lazar Bilanovic &#8211; ehem. Vorsitzender Dachverband Jugoslawischer Vereine. Kam in den späten 60er Jahren aus Serbien nach Wien und arbeitete bis zu seiner Pensionierung als Kellner und Gastronom. Er organisierte und führte jahrezehntelang den Dachverband Jugoslawischer Vereine. Lazar Bilanovic leitete die 78-tägige Mobilisierung 1999 gegen den Nato-Krieg und begründete die Jugoslawisch-Österreichische Solidaritätsbewegung (JÖSB) mit.
				</figcaption></figure><figure class='gallery-item'>
			<div class='gallery-icon landscape'>
				<img width="150" height="150" src="https://www.euroexit.org/wp-content/uploads/2015/05/irina-vana-150x150.jpg" class="attachment-thumbnail size-thumbnail" alt="Irina Vana" loading="lazy" aria-describedby="gallery-1-180" srcset="https://www.euroexit.org/wp-content/uploads/2015/05/irina-vana-150x150.jpg 150w, https://www.euroexit.org/wp-content/uploads/2015/05/irina-vana.jpg 200w" sizes="(max-width: 150px) 85vw, 150px" />
			</div>
				<figcaption class='wp-caption-text gallery-caption' id='gallery-1-180'>
				Irina Vana &#8211; Sozialwissenschafterin, Wien. „Wir brauchen eine Gesellschaft in der soziale Errungenschaften nicht durch supranationale Gebilde demontiert werden, Menschen und nicht Banken gestützt werden und Alle die Möglichkeit zu einem selbstbestimmten Leben haben.“
				</figcaption></figure><figure class='gallery-item'>
			<div class='gallery-icon landscape'>
				<img width="150" height="150" src="https://www.euroexit.org/wp-content/uploads/2015/05/imad-garbaya-150x150.jpg" class="attachment-thumbnail size-thumbnail" alt="Imad Garbaya" loading="lazy" aria-describedby="gallery-1-179" srcset="https://www.euroexit.org/wp-content/uploads/2015/05/imad-garbaya-150x150.jpg 150w, https://www.euroexit.org/wp-content/uploads/2015/05/imad-garbaya.jpg 200w" sizes="(max-width: 150px) 85vw, 150px" />
			</div>
				<figcaption class='wp-caption-text gallery-caption' id='gallery-1-179'>
				Imad Garbaya &#8211; Linker Aktivist aus Tunesien lebt in Wiener Neustadt, ist im Handel mit elektronischen Geräten tätig und in antiimperialistischen Initiativen engagiert.
				</figcaption></figure><figure class='gallery-item'>
			<div class='gallery-icon landscape'>
				<img width="150" height="150" src="https://www.euroexit.org/wp-content/uploads/2015/05/alfred-almeder1-150x150.jpg" class="attachment-thumbnail size-thumbnail" alt="Alfred Almeder" loading="lazy" aria-describedby="gallery-1-183" srcset="https://www.euroexit.org/wp-content/uploads/2015/05/alfred-almeder1-150x150.jpg 150w, https://www.euroexit.org/wp-content/uploads/2015/05/alfred-almeder1.jpg 200w" sizes="(max-width: 150px) 85vw, 150px" />
			</div>
				<figcaption class='wp-caption-text gallery-caption' id='gallery-1-183'>
				Alfred Almeder &#8211; Öffentlich Bediensteter und sozialdemokratischer Gewerkschafter. Politisch und familiär eng mit Lateinamerika verbunden. Engagiert sich heute gegen die westliche Einmischung in der Ukraine und einen friedlichen Ausgleich mit Russland.
				</figcaption></figure>
		</div>

<p>Das Personenkomitee EuroExit ist eine in Entstehung befindliche Initiative. Das hier veröffentlichte Manifest versteht sich als eine Diskussionsgrundlage, die es &hellip; <a href="https://www.euroexit.org/index.php/wer-wir-sind-2/unterstutzer/" class="more-link"><span class="screen-reader-text">„Unterstützer“ </span>weiterlesen</a></p>
